{"id":2124,"date":"2025-10-03T22:22:35","date_gmt":"2025-10-03T20:22:35","guid":{"rendered":"https:\/\/newdkas.wpm.hehe.si\/?page_id=2124"},"modified":"2025-10-03T22:26:08","modified_gmt":"2025-10-03T20:26:08","slug":"okrogla-miza-odprt-javni-prostor-public-open-space","status":"publish","type":"page","link":"https:\/\/dkas.si\/fr\/aktivnosti\/posveti-in-konference\/okrogla-miza-odprt-javni-prostor-public-open-space\/","title":{"rendered":"Okrogla miza Odprt javni prostor \/ Public open space"},"content":{"rendered":"<h2>Okrogla miza Odprt javni prostor \/ Public open space<\/h2>\n<p>Okrogla miza v sklopu mednarodne konferenca Odprti javni prostor\/Public open space, ki se je odvijala v prostorih Jakopi\u010deve galerije v Ljubljani med 10. in 11. aprilom 2008.<\/p>\n<p><strong>Z okroglo mizo se je kon\u010dala mednarodna konferenca Odprti javni prostor, ki sta jo v mesecu krajinske arhitekture organizirala Dru\u0161tvo krajinskih arhitektov Slovenije in Oddelek za krajinsko arhitekturo Biotehni\u0161ke fakultete Univerze v Ljubljani. Na okrogli mizi so o odprtem prostoru razmi\u0161ljali pod\u017eupan MOL Janez Ko\u017eelj, Franc Malis v imenu uprave podjetja BTC, arhitekt Bo\u0161tjan Vuga, Sr\u0111an \u0160kunca na\u010delnik oddelka za prostor in nepremi\u010dnine z Reke, sociolog Matja\u017e Ur\u0161i\u010d in urednik spletnega portala Trajekt Matev\u017e \u010celik. Razgovor je sklenil dvodnevno prireditev, katere namen je bil opozoriti na vlogo javnega prostora in zadrege, ki jih pri na\u010drtovanju in upravljanju zaznavajo projektanti, investitorji in uporabniki. Mlado ob\u010dinstvo, ki je vztrajalo do konca, je dokazalo, da je mo\u017eno na podlagi zanimivih doma\u010dih in doma\u010dim bli\u017enjih zgodb razviti vrsto razmi\u0161ljanj, ki so ve\u010d kot koristna popotnica za dobro prakso.<\/strong><\/p>\n<p>Okroglo mizo je vodila Maja Simoneti, ki je najprej dala prilo\u017enost vabljenim razpravljavcem, da so predstavili svoje izto\u010dnice. Pod\u017eupan Mestne ob\u010dine Ljubljane prof. Janez Ko\u017eelj je tako opozoril na fenomen, da javnost bolj zanimajo izstopajo\u010di zasebni projekti in predvsem objekti kot pa javni odprt prostor. Prav pomanjkanje pozornosti, ki jo prebivalci namenjajo javnemu prostoru, je po njegovih besedah problem, ki hromi dialog med na\u010drtovalci in \u00b8tistimi, ki o rabi javnega prostora odlo\u010dajo. Problem je ilustriral z nekaterimi oblikami prisvajanja javnega prostora, kot so parkiranje na zelenicah, \u0161irjenje gostinskih vrtov v uli\u010dni prostor in vseprisotno ogla\u0161evanje ali nenazadnje tudi pasji iztrebki. S tem je opozoril na to, da so poleg dobrih na\u010drtov in re\u0161itev ter vzdr\u017eevanja za kakovost javnega prostora re pomembni tudi uporabniki s svojimi navadami in vsakdanjo rabo prostora .<\/p>\n<p>Gost iz R Hrva\u0161ke arhitekt Sr\u0111an \u0160kunca, je poudaril, da je sprememba vrednot v mestni upravi botrovala vlaganju v javni prostor, ki je tako postal ena od prioritet javne uprave. Predstavnik dru\u017ebe BTC d.d. Franc Malis je opisal razvoj nekdanjega suhozemnega terminala v najve\u010dje nakupovalno sredi\u0161\u010de v Sloveniji in se pohvalil, da redno posve\u010dajo veliko pozornosti urejanju odprtih povr\u0161in, sajenju dreves, njihovemu vzdr\u017eevanju in podobno. Povedal je tudi, da v podjetju nenehno gledajo v prihodnost, zato \u017eelijo ljudem poleg nakupovanja ponuditi tudi druge vsebine in izkori\u0161\u010dajo nepozidane povr\u0161ine za oblikovanje odprtega prostora, v prvi vrsti namenjenega dru\u017eenju in ne zgolj potro\u0161nji.<\/p>\n<p>Arhitekt Bo\u0161tjan Vuga je poudaril, da investitorji zaenkrat odprti prostor \u0161e vedno dojemajo kot deficit in ne kot prilo\u017enost za dodano vrednost, ki lahko prispeva k ve\u010dji kakovosti bivanja in je po njegovem mnenju tek na dolge proge. V zgodnjem kapitalizmu, ki je prevladujo\u010d model na\u010drtovanja pri na\u0161ih investitorjih, so zaenkrat cilj \u0161e hitri in enozna\u010dni u\u010dinki investicij. Urednik spletnega portala za spodujanje prostorske kulture Trajekt, arhitekt Matev\u017e \u010celik je v ospredje postavil problem javnega odprtega prostora v turisti\u010dnih krajih. Opozoril je, da se potrebe lokalnih prebivalcev in gostov zelo razlikujejo, kar pogosto vodi v lo\u010devanje projektov na lokalne in turisti\u010dne in povzro\u010da nepotrebne probleme in dodatno razlikovanje uporabnikov, ki imajo \u017ee sicer te\u017eave s sobivanjem.<\/p>\n<p>Sociolog s Fakultete za dru\u017ebene vede dr. Matja\u017e Ur\u0161i\u010d je javni prostor ozna\u010dil kot prostor sre\u010devanja ljudi, kultur, izku\u0161enj in nenazadnje kapitala in poudaril, kako zel oje odvisen od urejenosti javnih servisov, ki zagotavljajo, da je javni prostor obiskan in dose\u017ee svoj namen. Pomen in vloga teh prostorov se je v Sloveniji in \u0161e posebej Ljubljani po njegovi presoji zelo zmanj\u0161al zaradi vse ve\u010dje odvisnosti od avtomobila, ki vpliva tudi na organizacijo dejavnosti v prostoru in posredno na dostopnost programov in javnega t.j. skupnega prostora.<\/p>\n<p>Krajinski arhitekt Izidor Jerala je iz dolgoletne prakse v ob\u010dinski upravi prispeval opozorilo, da javni prostor ni samo trg in park, ampak celota histori\u010dno grajenega obmo\u010dja zemlji\u0161\u010d, ki so tako ali druga\u010de v javni lasti. Vsako mesto ali ob\u010dina ima omre\u017eje zemlji\u0161\u010d v javni lasti, ki ga je potrebno identificirati in se opredeliti o njegovi nadaljnji vlogi v sistemu odprtih prostorov ter posebej skrbno poskrbeti za upravljanje in vzdr\u017eevanje. Mnogo primerov danes ka\u017ee, da mesta tak\u0161na zemlji\u0161\u010da prodajo brez posebnega premisleka o njihovem dolgoro\u010dnem pomenu v omre\u017eju javno pomembnih povr\u0161in. Izidor Jerala tudi meni, da dnevne migracije delovne sile vplivajo na veliko porabo \u010dasa in prispevajo k manj\u0161emu obisku odprtega prostora in posebej opozarja na vlogo odprtega prostora v stanovanjskih soseskah in zaledju poselitvenih obmo\u010djih, ki je pogosto neustrezno urejen in slabo vzdr\u017eevan in zato slabo slu\u017ei svojemu namenu.<\/p>\n<p>Moderatorka je v ospredje postavila vpra\u0161anje, ali ob\u010dinske uprave res razumejo, da je javni prostor, podobno kot komunala ali cestna infrastruktura njihova domena, ki pa glede na razse\u017enosti in vlogo, pojavne oblike in rabe, ni preprosto obvladljiva. Opozorila je na to, da se na konferenco ni odzvalo niti 5% slovenskih \u017eupanov, ki so jih organizatorji dvakrat pozvali naj se skupaj s svojimi na\u010drtovalci izka\u017eejo pred \u0161ir\u0161o publiko in razkrijejo sovje razvojne vizije in posamezne ureditve za javni prostor. Spomnila je na to, da uzurpiranju javnega prostora v stanovanjskih soseskah govori o potrebah in vrednotah uporabnikov, ki jim morata stroka in uprava prisluhniti in se nanje konstruktivno odzvati. tudi z nadzorom in politiko vzdr\u017eevanja javnega prostora.<\/p>\n<p>Kasneje se razvila zanimiva razprava, ki je ilustrirala kompleksnost obravnavane problematike in opozorila predvsem na te\u017eave, ki jih \u010dutijo strokovno izurjeni uporabniki. Publika se je strinjala, da je urejanje javnega prostora tema, ki jo je treba ve\u010dkrat na\u010deti v raz\u0161irjenem krogu razpravljavcev in tako dose\u010di vi\u0161jo stopnjo razumevanja med razli\u010dnimi zainteresiranimi skupinami. V \u010dasu, ko slovenske ob\u010dine pripravljajo nove prostorske akte, je bil pogovor podjetnikov, arhitektov, umetnikov in sociologov, krajinskih arhitektov in urbanistov gotovo lepa prilo\u017enost za \u0161irjenjne znanja.<\/p>\n<p>Povzetki okrogle mize pritrjujejo organizatorjem konference, ki so urejanje javnega odprtega prostora najavili kot eno pomembnej\u0161ih razvojnih tem. Dvodnevna konferenca je obiskovalcem ponudila vpogled v teoreti\u010dno, znanstveno in prakti\u010dno delo vrste doma\u010dih in tujih strokovnjakov (ZDA, Velika Britanija, Nem\u010dija, Portugalska, Norve\u0161ka, Francija, Hrva\u0161ka idr.). Vabljeni strokovnjaki iz tujine in izbrani doma\u010di predavatelji so pokazali, da je na\u010drtovanje, upravljanje in vzdr\u017eevanje javnih odprtih prostorov kompleksna dejavnost, ki jo je treba &#8211; \u010desar se v slovenskem prostoru gotovo premalo zavedamo &#8211; razvijati in sproti nadgrajevati. Dejavnost, ki je, kot je zapisala v uvodniku v prilo\u017enostni zbornik predsednica Dru\u0161tva krajinskih arhitektov Slovenje Maja Simoneti, usmerjena v dvig kakovosti bivanja, v skrb za fizi\u010dno in mentalno zdravje prebivalcev ter v ustvarjanje pogojev za gospodarski razcvet in prepoznavnost kraja ter je hkrati prilo\u017enost za dokazovanje mo\u010di in sposobnosti mest in njihove pozornosti do prebivalcev in obiskovalcev.<\/p>\n<p>Konferenco Odprti javni prostor je spremljala razstava z naslovom Na\u010drti za ureditve javnega prostora, na katero so organizatorji povabili vse slovenske \u017eupane, da skupaj z na\u010drtovalci predstavijo svoje strate\u0161ke in izvedbene na\u010drte za razvoj javnega prostora. Razstavo, ki obele\u017euje april, mesec krajinske arhitekture je 9. aprila otovoril \u017eupan Mestne ob\u010dine Ljubljana Zoran Jankovi\u0107. Razstava bo v Jakopi\u010devi galeriji na ogled do 19. aprila 2008, vsak dan, razne ponedeljka med 10 in 19 uro. Potem pa bo obiskala tudi druge kraje po Sloveniji.<\/p>\n<p>Maja Simoneti,\u00a0<em>predsednica DKAS<\/em><\/p>\n<div id='gallery-1' class='gallery galleryid-2124 gallery-columns-3 gallery-size-thumbnail'><figure class='gallery-item'>\n\t\t\t<div class='gallery-icon landscape'>\n\t\t\t\t<a href='https:\/\/dkas.si\/fr\/aktivnosti\/posveti-in-konference\/okrogla-miza-odprt-javni-prostor-public-open-space\/1dkas08_4_l\/'><img loading=\"lazy\" decoding=\"async\" width=\"150\" height=\"150\" src=\"https:\/\/dkas.si\/wp-content\/uploads\/2025\/10\/1DKAS08_4_L-150x150.jpg\" class=\"attachment-thumbnail size-thumbnail\" alt=\"\" \/><\/a>\n\t\t\t<\/div><\/figure>\n\t\t<\/div>\n\n","protected":false},"excerpt":{"rendered":"<p>Okrogla miza Odprt javni prostor \/ Public open space Okrogla miza v sklopu mednarodne konferenca Odprti javni prostor\/Public open space, ki se je odvijala v prostorih Jakopi\u010deve galerije v Ljubljani med 10. in 11. aprilom 2008. Z okroglo mizo se je kon\u010dala mednarodna konferenca Odprti javni prostor, ki sta jo v mesecu krajinske arhitekture organizirala [&hellip;]<\/p>\n","protected":false},"author":2,"featured_media":1770,"parent":185,"menu_order":0,"comment_status":"closed","ping_status":"closed","template":"","meta":{"footnotes":""},"class_list":["post-2124","page","type-page","status-publish","has-post-thumbnail","hentry"],"_links":{"self":[{"href":"https:\/\/dkas.si\/fr\/wp-json\/wp\/v2\/pages\/2124","targetHints":{"allow":["GET"]}}],"collection":[{"href":"https:\/\/dkas.si\/fr\/wp-json\/wp\/v2\/pages"}],"about":[{"href":"https:\/\/dkas.si\/fr\/wp-json\/wp\/v2\/types\/page"}],"author":[{"embeddable":true,"href":"https:\/\/dkas.si\/fr\/wp-json\/wp\/v2\/users\/2"}],"replies":[{"embeddable":true,"href":"https:\/\/dkas.si\/fr\/wp-json\/wp\/v2\/comments?post=2124"}],"version-history":[{"count":2,"href":"https:\/\/dkas.si\/fr\/wp-json\/wp\/v2\/pages\/2124\/revisions"}],"predecessor-version":[{"id":2129,"href":"https:\/\/dkas.si\/fr\/wp-json\/wp\/v2\/pages\/2124\/revisions\/2129"}],"up":[{"embeddable":true,"href":"https:\/\/dkas.si\/fr\/wp-json\/wp\/v2\/pages\/185"}],"wp:featuredmedia":[{"embeddable":true,"href":"https:\/\/dkas.si\/fr\/wp-json\/wp\/v2\/media\/1770"}],"wp:attachment":[{"href":"https:\/\/dkas.si\/fr\/wp-json\/wp\/v2\/media?parent=2124"}],"curies":[{"name":"wp","href":"https:\/\/api.w.org\/{rel}","templated":true}]}}

<h2>Okrogla miza Odprt javni prostor / Public open space</h2>
<p>Okrogla miza v sklopu mednarodne konferenca Odprti javni prostor/Public open space, ki se je odvijala v prostorih Jakopičeve galerije v Ljubljani med 10. in 11. aprilom 2008.</p>
<p><strong>Z okroglo mizo se je končala mednarodna konferenca Odprti javni prostor, ki sta jo v mesecu krajinske arhitekture organizirala Društvo krajinskih arhitektov Slovenije in Oddelek za krajinsko arhitekturo Biotehniške fakultete Univerze v Ljubljani. Na okrogli mizi so o odprtem prostoru razmišljali podžupan MOL Janez Koželj, Franc Malis v imenu uprave podjetja BTC, arhitekt Boštjan Vuga, Srđan Škunca načelnik oddelka za prostor in nepremičnine z Reke, sociolog Matjaž Uršič in urednik spletnega portala Trajekt Matevž Čelik. Razgovor je sklenil dvodnevno prireditev, katere namen je bil opozoriti na vlogo javnega prostora in zadrege, ki jih pri načrtovanju in upravljanju zaznavajo projektanti, investitorji in uporabniki. Mlado občinstvo, ki je vztrajalo do konca, je dokazalo, da je možno na podlagi zanimivih domačih in domačim bližnjih zgodb razviti vrsto razmišljanj, ki so več kot koristna popotnica za dobro prakso.</strong></p>
<p>Okroglo mizo je vodila Maja Simoneti, ki je najprej dala priložnost vabljenim razpravljavcem, da so predstavili svoje iztočnice. Podžupan Mestne občine Ljubljane prof. Janez Koželj je tako opozoril na fenomen, da javnost bolj zanimajo izstopajoči zasebni projekti in predvsem objekti kot pa javni odprt prostor. Prav pomanjkanje pozornosti, ki jo prebivalci namenjajo javnemu prostoru, je po njegovih besedah problem, ki hromi dialog med načrtovalci in ¸tistimi, ki o rabi javnega prostora odločajo. Problem je ilustriral z nekaterimi oblikami prisvajanja javnega prostora, kot so parkiranje na zelenicah, širjenje gostinskih vrtov v ulični prostor in vseprisotno oglaševanje ali nenazadnje tudi pasji iztrebki. S tem je opozoril na to, da so poleg dobrih načrtov in rešitev ter vzdrževanja za kakovost javnega prostora re pomembni tudi uporabniki s svojimi navadami in vsakdanjo rabo prostora .</p>
<p>Gost iz R Hrvaške arhitekt Srđan Škunca, je poudaril, da je sprememba vrednot v mestni upravi botrovala vlaganju v javni prostor, ki je tako postal ena od prioritet javne uprave. Predstavnik družbe BTC d.d. Franc Malis je opisal razvoj nekdanjega suhozemnega terminala v največje nakupovalno središče v Sloveniji in se pohvalil, da redno posvečajo veliko pozornosti urejanju odprtih površin, sajenju dreves, njihovemu vzdrževanju in podobno. Povedal je tudi, da v podjetju nenehno gledajo v prihodnost, zato želijo ljudem poleg nakupovanja ponuditi tudi druge vsebine in izkoriščajo nepozidane površine za oblikovanje odprtega prostora, v prvi vrsti namenjenega druženju in ne zgolj potrošnji.</p>
<p>Arhitekt Boštjan Vuga je poudaril, da investitorji zaenkrat odprti prostor še vedno dojemajo kot deficit in ne kot priložnost za dodano vrednost, ki lahko prispeva k večji kakovosti bivanja in je po njegovem mnenju tek na dolge proge. V zgodnjem kapitalizmu, ki je prevladujoč model načrtovanja pri naših investitorjih, so zaenkrat cilj še hitri in enoznačni učinki investicij. Urednik spletnega portala za spodujanje prostorske kulture Trajekt, arhitekt Matevž Čelik je v ospredje postavil problem javnega odprtega prostora v turističnih krajih. Opozoril je, da se potrebe lokalnih prebivalcev in gostov zelo razlikujejo, kar pogosto vodi v ločevanje projektov na lokalne in turistične in povzroča nepotrebne probleme in dodatno razlikovanje uporabnikov, ki imajo že sicer težave s sobivanjem.</p>
<p>Sociolog s Fakultete za družbene vede dr. Matjaž Uršič je javni prostor označil kot prostor srečevanja ljudi, kultur, izkušenj in nenazadnje kapitala in poudaril, kako zel oje odvisen od urejenosti javnih servisov, ki zagotavljajo, da je javni prostor obiskan in doseže svoj namen. Pomen in vloga teh prostorov se je v Sloveniji in še posebej Ljubljani po njegovi presoji zelo zmanjšal zaradi vse večje odvisnosti od avtomobila, ki vpliva tudi na organizacijo dejavnosti v prostoru in posredno na dostopnost programov in javnega t.j. skupnega prostora.</p>
<p>Krajinski arhitekt Izidor Jerala je iz dolgoletne prakse v občinski upravi prispeval opozorilo, da javni prostor ni samo trg in park, ampak celota historično grajenega območja zemljišč, ki so tako ali drugače v javni lasti. Vsako mesto ali občina ima omrežje zemljišč v javni lasti, ki ga je potrebno identificirati in se opredeliti o njegovi nadaljnji vlogi v sistemu odprtih prostorov ter posebej skrbno poskrbeti za upravljanje in vzdrževanje. Mnogo primerov danes kaže, da mesta takšna zemljišča prodajo brez posebnega premisleka o njihovem dolgoročnem pomenu v omrežju javno pomembnih površin. Izidor Jerala tudi meni, da dnevne migracije delovne sile vplivajo na veliko porabo časa in prispevajo k manjšemu obisku odprtega prostora in posebej opozarja na vlogo odprtega prostora v stanovanjskih soseskah in zaledju poselitvenih območjih, ki je pogosto neustrezno urejen in slabo vzdrževan in zato slabo služi svojemu namenu.</p>
<p>Moderatorka je v ospredje postavila vprašanje, ali občinske uprave res razumejo, da je javni prostor, podobno kot komunala ali cestna infrastruktura njihova domena, ki pa glede na razsežnosti in vlogo, pojavne oblike in rabe, ni preprosto obvladljiva. Opozorila je na to, da se na konferenco ni odzvalo niti 5% slovenskih županov, ki so jih organizatorji dvakrat pozvali naj se skupaj s svojimi načrtovalci izkažejo pred širšo publiko in razkrijejo sovje razvojne vizije in posamezne ureditve za javni prostor. Spomnila je na to, da uzurpiranju javnega prostora v stanovanjskih soseskah govori o potrebah in vrednotah uporabnikov, ki jim morata stroka in uprava prisluhniti in se nanje konstruktivno odzvati. tudi z nadzorom in politiko vzdrževanja javnega prostora.</p>
<p>Kasneje se razvila zanimiva razprava, ki je ilustrirala kompleksnost obravnavane problematike in opozorila predvsem na težave, ki jih čutijo strokovno izurjeni uporabniki. Publika se je strinjala, da je urejanje javnega prostora tema, ki jo je treba večkrat načeti v razširjenem krogu razpravljavcev in tako doseči višjo stopnjo razumevanja med različnimi zainteresiranimi skupinami. V času, ko slovenske občine pripravljajo nove prostorske akte, je bil pogovor podjetnikov, arhitektov, umetnikov in sociologov, krajinskih arhitektov in urbanistov gotovo lepa priložnost za širjenjne znanja.</p>
<p>Povzetki okrogle mize pritrjujejo organizatorjem konference, ki so urejanje javnega odprtega prostora najavili kot eno pomembnejših razvojnih tem. Dvodnevna konferenca je obiskovalcem ponudila vpogled v teoretično, znanstveno in praktično delo vrste domačih in tujih strokovnjakov (ZDA, Velika Britanija, Nemčija, Portugalska, Norveška, Francija, Hrvaška idr.). Vabljeni strokovnjaki iz tujine in izbrani domači predavatelji so pokazali, da je načrtovanje, upravljanje in vzdrževanje javnih odprtih prostorov kompleksna dejavnost, ki jo je treba &#8211; česar se v slovenskem prostoru gotovo premalo zavedamo &#8211; razvijati in sproti nadgrajevati. Dejavnost, ki je, kot je zapisala v uvodniku v priložnostni zbornik predsednica Društva krajinskih arhitektov Slovenje Maja Simoneti, usmerjena v dvig kakovosti bivanja, v skrb za fizično in mentalno zdravje prebivalcev ter v ustvarjanje pogojev za gospodarski razcvet in prepoznavnost kraja ter je hkrati priložnost za dokazovanje moči in sposobnosti mest in njihove pozornosti do prebivalcev in obiskovalcev.</p>
<p>Konferenco Odprti javni prostor je spremljala razstava z naslovom Načrti za ureditve javnega prostora, na katero so organizatorji povabili vse slovenske župane, da skupaj z načrtovalci predstavijo svoje strateške in izvedbene načrte za razvoj javnega prostora. Razstavo, ki obeležuje april, mesec krajinske arhitekture je 9. aprila otovoril župan Mestne občine Ljubljana Zoran Janković. Razstava bo v Jakopičevi galeriji na ogled do 19. aprila 2008, vsak dan, razne ponedeljka med 10 in 19 uro. Potem pa bo obiskala tudi druge kraje po Sloveniji.</p>
<p>Maja Simoneti, <em>predsednica DKAS</em></p>
<div id='gallery-1' class='gallery galleryid-2124 gallery-columns-3 gallery-size-thumbnail'><figure class='gallery-item'>
			<div class='gallery-icon landscape'>
				<a href='https://dkas.si/fr/aktivnosti/posveti-in-konference/okrogla-miza-odprt-javni-prostor-public-open-space/1dkas08_4_l/'><img loading="lazy" decoding="async" width="150" height="150" src="https://dkas.si/wp-content/uploads/2025/10/1DKAS08_4_L-150x150.jpg" class="attachment-thumbnail size-thumbnail" alt="" /></a>
			</div></figure>
		</div>

<p>Okrogla miza Odprt javni prostor / Public open space Okrogla miza v sklopu mednarodne konferenca Odprti javni prostor/Public open space, ki se je odvijala v prostorih Jakopičeve galerije v Ljubljani med 10. in 11. aprilom 2008. Z okroglo mizo se je končala mednarodna konferenca Odprti javni prostor, ki sta jo v mesecu krajinske arhitekture organizirala [&hellip;]</p>
