{"id":2131,"date":"2025-10-03T22:32:56","date_gmt":"2025-10-03T20:32:56","guid":{"rendered":"https:\/\/newdkas.wpm.hehe.si\/?page_id=2131"},"modified":"2025-10-03T22:32:56","modified_gmt":"2025-10-03T20:32:56","slug":"okrogla-miza-o-strokovni-literaturi-s-podrocja-urejanja-prostora","status":"publish","type":"page","link":"https:\/\/dkas.si\/fr\/aktivnosti\/posveti-in-konference\/okrogla-miza-o-strokovni-literaturi-s-podrocja-urejanja-prostora\/","title":{"rendered":"Okrogla miza o strokovni literaturi s podro\u010dja urejanja prostora"},"content":{"rendered":"<h2><strong>Okrogla miza o strokovni literaturi s podro\u010dja urejanja prostora<\/strong><\/h2>\n<div id=\"contentCenter\" class=\"content\">\n<div class=\"contentItem\">Okrogla miza se je odvijala v prostorih ZAPS, 18. aprila 2011 &#8211; v okviru meseca krajinske arhitekture.<\/p>\n<p>Zasnovana je bila tako, da so bili k razpravi povabljeni razli\u010dni akterji. Povabilu so se odzvali vsi vabljeni, tako so bile zastopane vloge u\u010ditelja, projektanta, bralca, recenzenta, urednika in ustvarjalca strokovne literature. Razpravo je moderirala dr. Barbara Goli\u010dnik Maru\u0161i\u0107. Gostje okrogle mize so bili dr. Ana Ku\u010dan, profesorica in projektantka, mag. Andrej Goljar, predsednik ZAPS, dr. Bo\u0161tjan Kerbler, urednik revije Urbani izziv, Miha De\u0161man, urednik revije AB, Aleksander Ostan, projektant. Razprava se je dotaknila \u0161tevilnih pod-tem. Konstruktivno se je vklju\u010dilo tudi poslu\u0161alstvo. Povzeto v nekaj sklopih je razpravo mogo\u010de povzeti kot sledi:<\/p>\n<ul>\n<li>v vsebinskem smislu v strokovni literaturi manjka literatura s teoretskimi in filozofskimi osnovami, manjkata kritika in esejistika<\/li>\n<li>problemi financiranja in majhna kriti\u010dna masa bralstva<\/li>\n<li>nujna vzpostavitev kriti\u010dnega odnosa do literature: \u0161ibke temeljne raziskave, pomanjkanje piscev, potreba po sistemskosti in interdisciplinarnosti (\u017ee v \u010dasu izobra\u017eevanja, ne le v praksi)<\/li>\n<\/ul>\n<p>Pripravljeno je bilo poro\u010dilo, sporo\u010dilo z okrogle mize pa bo posredovano tudi Agenciji za raziskovalno dejavnost RS.<br \/>\nK nadaljevanju razprave je novinar III. Programa Radia Slovenija, Gregor Podlogar, povabil dr. Barbaro Goli\u010dnik Maru\u0161i\u0107, dr. Ano Ku\u010dan in Miho De\u0161mana. Posnetek oddaje Arsov forum je dostopen tudi na spletu.<\/p><\/div>\n<\/div>\n<div id=\"contentRight\" class=\"contentRight\">\n<div id=\"contentRight0\" class=\"titleRight0\"><\/div>\n<\/div>\n","protected":false},"excerpt":{"rendered":"<p>Okrogla miza o strokovni literaturi s podro\u010dja urejanja prostora Okrogla miza se je odvijala v prostorih ZAPS, 18. aprila 2011 &#8211; v okviru meseca krajinske arhitekture. Zasnovana je bila tako, da so bili k razpravi povabljeni razli\u010dni akterji. Povabilu so se odzvali vsi vabljeni, tako so bile zastopane vloge u\u010ditelja, projektanta, bralca, recenzenta, urednika in [&hellip;]<\/p>\n","protected":false},"author":2,"featured_media":0,"parent":185,"menu_order":0,"comment_status":"closed","ping_status":"closed","template":"","meta":{"footnotes":""},"class_list":["post-2131","page","type-page","status-publish","hentry"],"_links":{"self":[{"href":"https:\/\/dkas.si\/fr\/wp-json\/wp\/v2\/pages\/2131","targetHints":{"allow":["GET"]}}],"collection":[{"href":"https:\/\/dkas.si\/fr\/wp-json\/wp\/v2\/pages"}],"about":[{"href":"https:\/\/dkas.si\/fr\/wp-json\/wp\/v2\/types\/page"}],"author":[{"embeddable":true,"href":"https:\/\/dkas.si\/fr\/wp-json\/wp\/v2\/users\/2"}],"replies":[{"embeddable":true,"href":"https:\/\/dkas.si\/fr\/wp-json\/wp\/v2\/comments?post=2131"}],"version-history":[{"count":1,"href":"https:\/\/dkas.si\/fr\/wp-json\/wp\/v2\/pages\/2131\/revisions"}],"predecessor-version":[{"id":2132,"href":"https:\/\/dkas.si\/fr\/wp-json\/wp\/v2\/pages\/2131\/revisions\/2132"}],"up":[{"embeddable":true,"href":"https:\/\/dkas.si\/fr\/wp-json\/wp\/v2\/pages\/185"}],"wp:attachment":[{"href":"https:\/\/dkas.si\/fr\/wp-json\/wp\/v2\/media?parent=2131"}],"curies":[{"name":"wp","href":"https:\/\/api.w.org\/{rel}","templated":true}]}}

Okrogla miza o strokovni literaturi s področja urejanja prostora

<h2><strong>Okrogla miza o strokovni literaturi s področja urejanja prostora</strong></h2>
<div id="contentCenter" class="content">
<div class="contentItem">Okrogla miza se je odvijala v prostorih ZAPS, 18. aprila 2011 &#8211; v okviru meseca krajinske arhitekture.</p>
<p>Zasnovana je bila tako, da so bili k razpravi povabljeni različni akterji. Povabilu so se odzvali vsi vabljeni, tako so bile zastopane vloge učitelja, projektanta, bralca, recenzenta, urednika in ustvarjalca strokovne literature. Razpravo je moderirala dr. Barbara Goličnik Marušić. Gostje okrogle mize so bili dr. Ana Kučan, profesorica in projektantka, mag. Andrej Goljar, predsednik ZAPS, dr. Boštjan Kerbler, urednik revije Urbani izziv, Miha Dešman, urednik revije AB, Aleksander Ostan, projektant. Razprava se je dotaknila številnih pod-tem. Konstruktivno se je vključilo tudi poslušalstvo. Povzeto v nekaj sklopih je razpravo mogoče povzeti kot sledi:</p>
<ul>
<li>v vsebinskem smislu v strokovni literaturi manjka literatura s teoretskimi in filozofskimi osnovami, manjkata kritika in esejistika</li>
<li>problemi financiranja in majhna kritična masa bralstva</li>
<li>nujna vzpostavitev kritičnega odnosa do literature: šibke temeljne raziskave, pomanjkanje piscev, potreba po sistemskosti in interdisciplinarnosti (že v času izobraževanja, ne le v praksi)</li>
</ul>
<p>Pripravljeno je bilo poročilo, sporočilo z okrogle mize pa bo posredovano tudi Agenciji za raziskovalno dejavnost RS.<br />
K nadaljevanju razprave je novinar III. Programa Radia Slovenija, Gregor Podlogar, povabil dr. Barbaro Goličnik Marušić, dr. Ano Kučan in Miho Dešmana. Posnetek oddaje Arsov forum je dostopen tudi na spletu.</p></div>
</div>
<div id="contentRight" class="contentRight">
<div id="contentRight0" class="titleRight0"></div>
</div>

<p>Okrogla miza o strokovni literaturi s področja urejanja prostora Okrogla miza se je odvijala v prostorih ZAPS, 18. aprila 2011 &#8211; v okviru meseca krajinske arhitekture. Zasnovana je bila tako, da so bili k razpravi povabljeni različni akterji. Povabilu so se odzvali vsi vabljeni, tako so bile zastopane vloge učitelja, projektanta, bralca, recenzenta, urednika in [&hellip;]</p>
